 t(-90).
-17
Let n(j) = 26*j**3 - 18*j**2 - 2*j - 24. Calculate n(-2).
-300
Let p(r) = -452330*r - 8141932. Calculate p(-18).
8
Let r(k) = 12887*k - 180390. What is r(14)?
28
Let z(a) = a**3 + a**2 + 41461*a + 82925. Determine z(-2).
-1
Let k(t) = t**3 - 31*t**2 + 191*t - 8097. Determine k(32).
-961
Let h(n) = -3*n**2 + 3123*n + 25177. What is h(-8)?
1
Let p(v) = -v**2 + 3054*v - 54647. Give p(18).
1
Let q(z) = -2*z**3 + 76*z**2 - 149*z - 70. Give q(35).
2065
Let a(d) = -16385*d + 3588318. Calculate a(219).
3
Let s(m) = 3*m**2 + 287*m + 1122. Determine s(-91).
-152
Let q(d) = -35*d + 3162. Give q(106).
-548
Let f(y) = 5*y**3 - 53*y**2 + 164*y - 38. Give f(7).
228
Let z(c) = 205*c + 9421. Give z(-46).
-9
Let i(d) = -4399*d - 49190. Give i(-11).
-801
Let l(t) = 609*t**2 - 3022*t - 28. Determine l(5).
87
Let z(f) = 127*f**2 - 20606*f + 5120. Calculate z(162).
-64
Let u(r) = -4*r**3 - 207*r**2 + 2548*r - 7. Determine u(-62).
-379
Let r(d) = -36*d - 1358. Give r(-19).
-674
Let m(i) = -19926*i - 59771. What is m(-3)?
7
Let r(a) = 27*a**3 + 161*a**2 - 36*a - 192. What is r(-6)?
-12
Let h(p) = p**3 - 2*p**2 - 8*p - 104. Give h(7).
85
Let r(b) = 49*b**2 - 1465*b - 8546. Give r(-5).
4
Let l(f) = 31*f**2 - 243*f - 686. Calculate l(10).
-16
Let l(k) = 3111*k - 6727. Determine l(2).
-505
Let l(o) = o**3 - 198*o**2 + 404*o - 2412. Give l(196).
-60
Let x(z) = -103*z**2 + 4000*z - 47. Determine x(39).
-710
Let b(h) = h**2 + 203*h + 7356. Give b(-68).
-1824
Let a(n) = 98*n**2 + 576*n - 4449. Calculate a(8).
6431
Let x(a) = 3838*a + 13945. Determine x(-4).
-1407
Let g(h) = -2*h**3 + 17*h**2 + 236*h - 4. Determine g(-9).
707
Let d(j) = 118*j + 11965. What is d(-96)?
637
Let k(g) = g**3 + 285*g**2 + 1116*g - 1568. Calculate k(-281).
680
Let f(s) = s**3 - 88*s**2 + 28*s + 5157. Give f(87).
24
Let d(b) = b**3 + 11*b**2 + 60556*b + 544847. Determine d(-9).
5
Let y(p) = 151*p + 80. Give y(4).
684
Let f(u) = 184930*u - 2958882. Calculate f(16).
-2
Let f(t) = 4826*t - 43449. Determine f(9).
-15
Let h(b) = b**3 - 724*b**2 + 128122*b + 2523. Give h(416).
27
Let n(u) = 279*u + 20995. Give n(-72).
907
Let x(b) = -b**3 + 48*b**2 - 100*b + 1951. Calculate x(46).
1583
Let b(z) = -z**3 - 14*z**2 + 3463*z + 10454. Calculate b(-3).
-34
Let m(f) = -42714*f + 1922124. Calculate m(45).
-6
Let a(r) = 615*r - 7912. Determine a(13).
83
Let i(f) = -2832*f - 124039. What is i(-45)?
3401
Let p(r) = 2*r**3 + 144*r**2 + 2*r + 163. Determine p(-72).
19
Let m(c) = 135*c + 5010. Give m(-37).
15
Let j(f) = 3*f**2 - 83*f - 23230. Give j(103).
48
Let u(w) = 2605*w + 78209. What is u(-30)?
59
Let y(c) = -87*c**2 - 427*c - 332. What is y(-4)?
-16
Let k(t) = -10023*t - 771799. Calculate k(-77).
-28
Let h(p) = -10*p**2 - 2591*p - 27329. Calculate h(-248).
199
Let q(r) = 10283*r + 1706973. Determine q(-166).
-5
Let f(a) = 4*a**3 - 126*a**2 - 120*a + 1915. What is f(32)?
123
Let y(h) = 2*h**3 + 48*h**2 + 9*h - 49. Determine y(-24).
-265
Let r(o) = 107*o**2 - 2451*o + 14713. Calculate r(6).
3859
Let l(c) = 345*c**2 + 68606*c - 68605. What is l(1)?
346
Let g(u) = -463*u - 9030. Calculate g(-19).
-233
Let y(m) = 5700*m - 130819. Determine y(23).
281
Let l(m) = m**2 + 15296*m - 2519822. What is l(163)?
-5
Let p(a) = 282*a + 3070. Determine p(-11).
-32
Let j(d) = -40*d**3 + 162*d**2 + 1427*d - 5763. What is j(4)?
-23
Let h(d) = -18*d**2 + 9423*d + 4707. Determine h(524).
-9
Let k(c) = 28*c**2 - 118*c + 23. Determine k(4).
-1
Let j(t) = -277*t + 809. Calculate j(2).
255
Let t(z) = 777*z**3 - 44*z**2 - 78*z + 4. Determine t(-2).
-6232
Let b(m) = 864596*m - 2593782. Calculate b(3).
6
Let m(a) = -a**3 - 6*a**2 + 11343*a + 68035. What is m(-6)?
-23
Let d(u) = 5*u**2 + 68*u + 1172. What is d(-12)?
1076
Let z(m) = -189*m**2 + 103922*m + 15391. What is z(550)?
-9
Let i(b) = -187*b**2 - 1810*b + 584. Calculate i(-10).
-16
Let k(m) = -1051*m + 4653. What is k(6)?
-1653
Let u(v) = -7*v**3 + 758*v**2 - 229*v + 1407. Determine u(108).
3
Let g(t) = 5*t**3 + 259*t**2 - 368*t - 2721. Give g(-53).
-71
Let g(m) = 8*m**2 + 915*m - 3531. What is g(-118)?
-109
Let k(p) = p**2 + 76*p - 55673. What is k(201)?
4
Let b(q) = -15*q**2 + 448*q - 112. Calculate b(30).
-172
Let a(b) = 4*b**3 + 46*b**2 - 290*b - 304. Calculate a(5).
-104
Let h(q) = -q**3 + 122*q**2 + 124*q - 129. Give h(123).
-6
Let p(a) = -511*a - 1140. What is p(-2)?
-118
Let w(f) = -f**3 - 15*f**2 - 959*f - 10877. Calculate w(-12).
199
Let k(j) = -49033*j - 735496. Calculate k(-15).
-1
Let i(d) = 32784*d - 229486. Calculate i(7).
2
Let y(s) = -323*s + 11330. What is y(34)?
348
Let x(g) = -3*g**3 - 7*g**2 - 13469*g + 26947. Calculate x(2).
-43
Let m(h) = -1659200*h + 71345599. What is m(43)?
-1
Let u(v) = v**3 + 26*v**2 - 41*v - 907. Calculate u(-14).
2019
Let w(z) = 2755*z + 16652. What is w(-6)?
122
Let w(x) = -164318*x - 3943632. Determine w(-24).
0
Let j(c) = -4944*c + 19754. What is j(4)?
-22
Let c(v) = 800*v - 79791. What is c(100)?
209
Let x(r) = 29*r**2 + 565*r + 532. What is x(-1)?
-4
Let t(i) = 43*i + 3238. What is t(-70)?
228
Let y(z) = 1288*z + 337461. Calculate y(-262).
5
Let o(l) = 115*l**2 + 1741*l + 3168. Give o(-13).
-30
Let f(w) = 926*w + 2196. What is f(-2)?
344
Let o(y) = y**2 - 138*y + 8. Calculate o(140).
288
Let k(o) = 19980*o - 479516. What is k(24)?
4
Let v(b) = 8*b**3 + 6*b**2 - 34*b - 365. Give v(-8).
-3805
Let g(n) = 2*n**2 - 20980*n - 2417701. Calculate g(-114).
11
Let v(b) = -937*b + 1848. What is v(2)?
-26
Let m(z) = -z**2 + 33*z + 2972. Determine m(79).
-662
Let q(g) = -13*g**3 + 80*g**2 - 117*g - 21. Determine q(3).
-3
Let a(l) = 42131*l + 17652892. Calculate a(-419).
3
Let r(t) = 22*t + 202. Calculate r(-52).
-942
Let f(k) = -46*k - 1241. Determine f(-33).
277
Let d(q) = 2*q**3 + 466*q**2 + 500*q + 8339. Give d(-232).
-13
Let k(b) = 35*b**2 + 446*b + 4041. What is k(-9)?
2862
Let w(i) = 147*i**2 - 18678*i - 77. What is w(127)?
-1220
Let y(t) = -34*t**2 - 1169*t - 257. What is y(-35)?
-992
Let f(r) = -2*r**2 + 14*r + 403. Calculate f(-29).
-1685
Let h(p) = 34277*p - 102826. Calculate h(3).
5
Let l(s) = -s**2 + 27549*s - 275518. Give l(10).
-128
Let f(n) = -3936*n - 125964. Calculate f(-32).
-12
Let k(i) = i**2 - 2*i - 107. Calculate k(-6).
-59
Let h(n) = -3*n**3 + 7*n**2 - 209*n + 1228. Give h(5).
-17
Let o(p) = 17334*p + 1820074. Determine o(-105).
4
Let i(h) = -2*h**2 - 158*h + 2994. Determine i(-94).
174
Let p(r) = -r**2 + 114*r + 1019. Determine p(-9).
-88
Let h(g) = -1791*g - 206392. What is h(-115)?
-427
Let n(m) = -m**3 + 26*m**2 - 333*m + 2332. Determine n(14).
22
Let b(k) = 35*k**2 + 2273*k - 59670. What is b(-85)?
0
Let a(o) = -57172*o + 114346. What is a(2)?
2
Let j(k) = -k**2 - 119575*k + 478313. Calculate j(4).
-3
Let p(d) = 36*d**3 + 4*d**2 - 25*d + 65. Calculate p(3).
998
Let l(w) = -w**2 + 23142*w - 2373011. Determine l(103).
6
Let q(r) = -26*r**2 + 565*r - 989. Determine q(20).
-89
Let r(t) = -t**2 - 135*t - 632. Calculate r(-5).
18
Let q(c) = c**3 - 28*c**2 - 144*c + 1746. Give q(31).
165
Let f(o) = 350*o - 1558. Calculate f(5).
192
Let x(d) = -d**3 + 891*d**2 + 13583*d - 93. Calculate x(-15).
12
Let g(p) = 4*p**3 - 65*p**2 + 332*p - 2116. Calculate g(13).
3
Let m(f) = -336*f + 5774. What is m(7)?
3422
Let l(v) = -v**3 - 645*v**2 + 3224*v - 16901. Determine l(-650).
-1
Let s(a) = a**3 + 98*a**2 - 1040*a + 657. What is s(9)?
-36
Let d(z) = 13*z**2 + 6616*z - 262607. Calculate d(37).
-18
Let h(v) = -v**3 - 68*v**2 - 1602*v - 17559. What is h(-38)?
-3
Let g(w) = 36612*w + 292908. Calculate g(-8).
12
Let a(z) = -z**3 + 79*z**2 - 235*z + 704. Give a(76).
172
Let u(p) = p**3 + 33*p**2 + 7083*p + 241981. Calculate u(-34).
3
Let r(f) = -3602*f - 7204. What is r(-2)?
0
Let x(d) = -787*d + 480086. Determine x(608).
1590
Let n(q) = -82078*q + 492382. What is n(6)?
-86
Let s(y) = -6*y**2 + 5345*y + 307126. Calculate s(945).
1
Let h(u) = 248*u + 12750. Calculate h(-52).
-146
Let z(o) = -321*o - 38579. What is z(-121)?
262
Let t(x) = -235*x**2 - 1932*x - 143. Calculate t(-8).
273
Let r(n) = 61*n**2 - 1295*n - 1234. Determine r(22).
-200
Let d(k) = 5294*k - 661768. Calculate d(125).
-18
Let w(g) = -10*g**2 - 53*g + 253. Give w(-12).
-551
Let g(b) = -b**3 - 56*b**2 + 55374*b - 2917. Determine g(-265).
-2
Let h(c) = -684*c + 8617